{"id":410,"date":"2024-11-25T11:49:37","date_gmt":"2024-11-25T10:49:37","guid":{"rendered":"https:\/\/web16.wuti.pl\/colli\/?page_id=410"},"modified":"2025-01-20T14:58:40","modified_gmt":"2025-01-20T13:58:40","slug":"kontakt","status":"publish","type":"page","link":"https:\/\/web16.wuti.pl\/colli\/kontakt\/","title":{"rendered":"Kontakt"},"content":{"rendered":"\t\t<div data-elementor-type=\"wp-page\" data-elementor-id=\"410\" class=\"elementor elementor-410\" data-elementor-post-type=\"page\">\n\t\t\t\t<div class=\"elementor-element elementor-element-12f83a8 e-flex e-con-boxed e-con e-parent\" data-id=\"12f83a8\" data-element_type=\"container\">\n\t\t\t\t\t<div class=\"e-con-inner\">\n\t\t<div class=\"elementor-element elementor-element-1eaecab e-con-full e-flex e-con e-child\" data-id=\"1eaecab\" data-element_type=\"container\">\n\t\t\t\t<div class=\"elementor-element elementor-element-bc56d03 elementor-widget elementor-widget-image\" data-id=\"bc56d03\" data-element_type=\"widget\" data-widget_type=\"image.default\">\n\t\t\t\t<div class=\"elementor-widget-container\">\n\t\t\t\t\t\t\t\t\t\t\t\t\t<img fetchpriority=\"high\" decoding=\"async\" width=\"800\" height=\"530\" src=\"https:\/\/web16.wuti.pl\/colli\/wp-content\/uploads\/2024\/11\/new-logo-colli-1024x678.jpg\" class=\"attachment-large size-large wp-image-398\" alt=\"\" srcset=\"https:\/\/web16.wuti.pl\/colli\/wp-content\/uploads\/2024\/11\/new-logo-colli-1024x678.jpg 1024w, https:\/\/web16.wuti.pl\/colli\/wp-content\/uploads\/2024\/11\/new-logo-colli-300x199.jpg 300w, https:\/\/web16.wuti.pl\/colli\/wp-content\/uploads\/2024\/11\/new-logo-colli-768x508.jpg 768w, https:\/\/web16.wuti.pl\/colli\/wp-content\/uploads\/2024\/11\/new-logo-colli.jpg 1150w\" sizes=\"(max-width: 800px) 100vw, 800px\" \/>\t\t\t\t\t\t\t\t\t\t\t\t\t<\/div>\n\t\t\t\t<\/div>\n\t\t\t\t<\/div>\n\t\t<div class=\"elementor-element elementor-element-f34ea7f e-con-full e-flex e-con e-child\" data-id=\"f34ea7f\" data-element_type=\"container\">\n\t\t\t\t<div class=\"elementor-element elementor-element-7d1020b elementor-widget elementor-widget-heading\" data-id=\"7d1020b\" data-element_type=\"widget\" data-widget_type=\"heading.default\">\n\t\t\t\t<div class=\"elementor-widget-container\">\n\t\t\t<h2 class=\"elementor-heading-title elementor-size-default\">Adres siedziby:\n<\/h2>\t\t<\/div>\n\t\t\t\t<\/div>\n\t\t\t\t<div class=\"elementor-element elementor-element-19871d4 elementor-widget elementor-widget-text-editor\" data-id=\"19871d4\" data-element_type=\"widget\" data-widget_type=\"text-editor.default\">\n\t\t\t\t<div class=\"elementor-widget-container\">\n\t\t\t\t\t\t\t<p><b> Colli International Sp. z o.o. <\/b><b><br \/><\/b><span style=\"font-weight: 400;\"> ul. Zacisze 18a<\/span><span style=\"font-weight: 400;\"><br \/><\/span><span style=\"font-weight: 400;\"> 43-243 Wis\u0142a Wielka<\/span><span style=\"font-weight: 400;\"><br \/><\/span><span style=\"font-weight: 400;\"> POLSKA<\/span><\/p><p><span style=\"font-weight: 400;\">NIP: <\/span><b>6381753046<\/b><span style=\"font-weight: 400;\">\u00a0 &#8211; REGON: <\/span><b>241071921<\/b><\/p>\t\t\t\t\t\t<\/div>\n\t\t\t\t<\/div>\n\t\t\t\t<\/div>\n\t\t<div class=\"elementor-element elementor-element-065b1e0 e-con-full e-flex e-con e-child\" data-id=\"065b1e0\" data-element_type=\"container\">\n\t\t\t\t<div class=\"elementor-element elementor-element-22ca6ef elementor-widget elementor-widget-heading\" data-id=\"22ca6ef\" data-element_type=\"widget\" data-widget_type=\"heading.default\">\n\t\t\t\t<div class=\"elementor-widget-container\">\n\t\t\t<h2 class=\"elementor-heading-title elementor-size-default\">Adres korespondencyjny:\n<\/h2>\t\t<\/div>\n\t\t\t\t<\/div>\n\t\t\t\t<div class=\"elementor-element elementor-element-a47c1b0 elementor-widget elementor-widget-text-editor\" data-id=\"a47c1b0\" data-element_type=\"widget\" data-widget_type=\"text-editor.default\">\n\t\t\t\t<div class=\"elementor-widget-container\">\n\t\t\t\t\t\t\t<p><b> Colli International Sp. z o.o. <\/b><span style=\"font-weight: 400;\"><br \/><\/span><span style=\"font-weight: 400;\">ul. Krucza 10a<\/span><span style=\"font-weight: 400;\"><br \/><\/span><span style=\"font-weight: 400;\">43-520 Mnich<\/span><span style=\"font-weight: 400;\"><br \/><\/span><span style=\"font-weight: 400;\">POLSKA<\/span><\/p>\t\t\t\t\t\t<\/div>\n\t\t\t\t<\/div>\n\t\t\t\t<\/div>\n\t\t\t\t\t<\/div>\n\t\t\t\t<\/div>\n\t\t<div class=\"elementor-element elementor-element-bc67c2b e-flex e-con-boxed e-con e-parent\" data-id=\"bc67c2b\" data-element_type=\"container\">\n\t\t\t\t\t<div class=\"e-con-inner\">\n\t\t<div class=\"elementor-element elementor-element-7fa37c5 e-con-full e-flex e-con e-child\" data-id=\"7fa37c5\" data-element_type=\"container\">\n\t\t\t\t<div class=\"elementor-element elementor-element-51f99e0 elementor-widget elementor-widget-text-editor\" data-id=\"51f99e0\" data-element_type=\"widget\" data-widget_type=\"text-editor.default\">\n\t\t\t\t<div class=\"elementor-widget-container\">\n\t\t\t\t\t\t\t<p><span style=\"font-weight: 400;\">\u00a0<\/span><b>Tomasz Wala:<\/b><b><br \/><\/b><span style=\"font-weight: 400;\">\u00a0 <\/span><span style=\"font-weight: 400;\">+48 790 889 906<\/span><span style=\"font-weight: 400;\"><br \/><\/span><span style=\"font-weight: 400;\">\u00a0 <\/span><span style=\"color: #ff9900;\"><a style=\"color: #ff9900;\" href=\"mailto:tomasz.wala@colli.pl\"><span style=\"font-weight: 400;\">tomasz.wala@colli.pl<\/span><\/a><\/span><\/p>\t\t\t\t\t\t<\/div>\n\t\t\t\t<\/div>\n\t\t\t\t<\/div>\n\t\t<div class=\"elementor-element elementor-element-f406e46 e-con-full e-flex e-con e-child\" data-id=\"f406e46\" data-element_type=\"container\">\n\t\t\t\t<div class=\"elementor-element elementor-element-6ae1f89 elementor-widget elementor-widget-text-editor\" data-id=\"6ae1f89\" data-element_type=\"widget\" data-widget_type=\"text-editor.default\">\n\t\t\t\t<div class=\"elementor-widget-container\">\n\t\t\t\t\t\t\t<p><strong>Anita Drapiewska:<\/strong><br \/>+48 790 889 907<br \/><span style=\"color: #ff9900;\"><a style=\"color: #ff9900;\" href=\"mailto:anita.drapiewska@colli.pl\">anita.drapiewska@colli.pl<\/a><\/span><\/p>\t\t\t\t\t\t<\/div>\n\t\t\t\t<\/div>\n\t\t\t\t<\/div>\n\t\t<div class=\"elementor-element elementor-element-e16e3ed e-con-full e-flex e-con e-child\" data-id=\"e16e3ed\" data-element_type=\"container\">\n\t\t\t\t<div class=\"elementor-element elementor-element-d013564 elementor-widget elementor-widget-text-editor\" data-id=\"d013564\" data-element_type=\"widget\" data-widget_type=\"text-editor.default\">\n\t\t\t\t<div class=\"elementor-widget-container\">\n\t\t\t\t\t\t\t<p><strong>Maryla Szmalc-P\u0142onka:<\/strong><br \/>+48 573 671 287<br \/><span style=\"color: #ff9900;\"><a style=\"color: #ff9900;\" href=\"mailto:maryla.plonka@colli.pl\">maryla.plonka@colli.pl<\/a><\/span><\/p>\t\t\t\t\t\t<\/div>\n\t\t\t\t<\/div>\n\t\t\t\t<\/div>\n\t\t<div class=\"elementor-element elementor-element-1dedc21 e-con-full e-flex e-con e-child\" data-id=\"1dedc21\" data-element_type=\"container\">\n\t\t\t\t<div class=\"elementor-element elementor-element-165e836 elementor-widget elementor-widget-text-editor\" data-id=\"165e836\" data-element_type=\"widget\" data-widget_type=\"text-editor.default\">\n\t\t\t\t<div class=\"elementor-widget-container\">\n\t\t\t\t\t\t\t<p><strong>Daniel Drapiewski:<\/strong><br \/>+48 791 488 990<br \/><a href=\"mailto:daniel.drapiewski@colli.pl\"><span style=\"color: #ff9900;\">daniel.drapiewski@colli.pl<\/span><\/a><\/p>\t\t\t\t\t\t<\/div>\n\t\t\t\t<\/div>\n\t\t\t\t<\/div>\n\t\t<div class=\"elementor-element elementor-element-c222272 e-con-full e-flex e-con e-child\" data-id=\"c222272\" data-element_type=\"container\">\n\t\t\t\t<div class=\"elementor-element elementor-element-2f37db5 elementor-widget elementor-widget-text-editor\" data-id=\"2f37db5\" data-element_type=\"widget\" data-widget_type=\"text-editor.default\">\n\t\t\t\t<div class=\"elementor-widget-container\">\n\t\t\t\t\t\t\t<strong>Ilona G\u0142ombek:<\/strong>\n+48\u00a0606\u00a0168\u00a0816\n<span style=\"color: #ff9900;\"><a style=\"color: #ff9900;\" href=\"mailto:ilona.glombek@colli.pl\">ilona.glombek@colli.pl<\/a><\/span><\/p>\t\t\t\t\t\t<\/div>\n\t\t\t\t<\/div>\n\t\t\t\t<\/div>\n\t\t\t\t\t<\/div>\n\t\t\t\t<\/div>\n\t\t<div class=\"elementor-element elementor-element-362f8de e-flex e-con-boxed e-con e-parent\" data-id=\"362f8de\" data-element_type=\"container\">\n\t\t\t\t\t<div class=\"e-con-inner\">\n\t\t<div class=\"elementor-element elementor-element-33462ca e-con-full e-flex e-con e-child\" data-id=\"33462ca\" data-element_type=\"container\">\n\t\t\t\t<div class=\"elementor-element elementor-element-69a71cf elementor-widget elementor-widget-heading\" data-id=\"69a71cf\" data-element_type=\"widget\" data-widget_type=\"heading.default\">\n\t\t\t\t<div class=\"elementor-widget-container\">\n\t\t\t<h2 class=\"elementor-heading-title elementor-size-default\">FAQ<\/h2>\t\t<\/div>\n\t\t\t\t<\/div>\n\t\t\t\t<div class=\"elementor-element elementor-element-c75c421 elementor-widget elementor-widget-n-accordion\" data-id=\"c75c421\" data-element_type=\"widget\" data-settings=\"{&quot;default_state&quot;:&quot;expanded&quot;,&quot;max_items_expended&quot;:&quot;one&quot;,&quot;n_accordion_animation_duration&quot;:{&quot;unit&quot;:&quot;ms&quot;,&quot;size&quot;:400,&quot;sizes&quot;:[]}}\" data-widget_type=\"nested-accordion.default\">\n\t\t\t\t<div class=\"elementor-widget-container\">\n\t\t\t\t\t<div class=\"e-n-accordion\" aria-label=\"Accordion. Open links with Enter or Space, close with Escape, and navigate with Arrow Keys\">\n\t\t\t\t\t\t<details id=\"e-n-accordion-item-2090\" class=\"e-n-accordion-item\" open>\n\t\t\t\t<summary class=\"e-n-accordion-item-title\" data-accordion-index=\"1\" tabindex=\"0\" aria-expanded=\"true\" aria-controls=\"e-n-accordion-item-2090\" >\n\t\t\t\t\t<span class='e-n-accordion-item-title-header'><div class=\"e-n-accordion-item-title-text\"> Czym si\u0119 kierowa\u0107 przy wyborze firmy spedycyjnej? <\/div><\/span>\n\t\t\t\t\t\t\t<span class='e-n-accordion-item-title-icon'>\n\t\t\t<span class='e-opened' ><i aria-hidden=\"true\" class=\"fas fa-arrow-alt-circle-up\"><\/i><\/span>\n\t\t\t<span class='e-closed'><i aria-hidden=\"true\" class=\"fas fa-arrow-alt-circle-down\"><\/i><\/span>\n\t\t<\/span>\n\n\t\t\t\t\t\t<\/summary>\n\t\t\t\t<div role=\"region\" aria-labelledby=\"e-n-accordion-item-2090\" class=\"elementor-element elementor-element-dd1a047 e-con-full e-flex e-con e-child\" data-id=\"dd1a047\" data-element_type=\"container\">\n\t\t\t\t<div class=\"elementor-element elementor-element-abdd613 elementor-widget elementor-widget-text-editor\" data-id=\"abdd613\" data-element_type=\"widget\" data-widget_type=\"text-editor.default\">\n\t\t\t\t<div class=\"elementor-widget-container\">\n\t\t\t\t\t\t\t<p><span style=\"font-weight: 400;\">Wyb\u00f3r odpowiedniej firmy spedycyjnej to kluczowy krok w procesie logistycznym, kt\u00f3ry mo\u017ce znacz\u0105co wp\u0142yn\u0105\u0107 na efektywno\u015b\u0107 transportu i satysfakcj\u0119 klient\u00f3w. Poni\u017cej przedstawiamy kluczowe kryteria, kt\u00f3re warto uwzgl\u0119dni\u0107 przy wyborze partnera spedycyjnego.<\/span><\/p>\t\t\t\t\t\t<\/div>\n\t\t\t\t<\/div>\n\t\t\t\t<\/div>\n\t\t\t\t\t<\/details>\n\t\t\t\t\t\t<details id=\"e-n-accordion-item-2091\" class=\"e-n-accordion-item\" >\n\t\t\t\t<summary class=\"e-n-accordion-item-title\" data-accordion-index=\"2\" tabindex=\"-1\" aria-expanded=\"false\" aria-controls=\"e-n-accordion-item-2091\" >\n\t\t\t\t\t<span class='e-n-accordion-item-title-header'><div class=\"e-n-accordion-item-title-text\"> O tym pami\u0119taj, wybieraj\u0105c firm\u0119 spedycyjn\u0105 <\/div><\/span>\n\t\t\t\t\t\t\t<span class='e-n-accordion-item-title-icon'>\n\t\t\t<span class='e-opened' ><i aria-hidden=\"true\" class=\"fas fa-arrow-alt-circle-up\"><\/i><\/span>\n\t\t\t<span class='e-closed'><i aria-hidden=\"true\" class=\"fas fa-arrow-alt-circle-down\"><\/i><\/span>\n\t\t<\/span>\n\n\t\t\t\t\t\t<\/summary>\n\t\t\t\t<div role=\"region\" aria-labelledby=\"e-n-accordion-item-2091\" class=\"elementor-element elementor-element-5876d5b e-con-full e-flex e-con e-child\" data-id=\"5876d5b\" data-element_type=\"container\">\n\t\t\t\t<div class=\"elementor-element elementor-element-3a6ac7b elementor-widget elementor-widget-text-editor\" data-id=\"3a6ac7b\" data-element_type=\"widget\" data-widget_type=\"text-editor.default\">\n\t\t\t\t<div class=\"elementor-widget-container\">\n\t\t\t\t\t\t\t<p>Jako sp\u00f3\u0142ka z 15-to letnim do\u015bwiadczeniem podpowiadamy, aby sprawdzi\u0107 do\u015bwiadczenie firmy na rynku. D\u0142ugoletnia obecno\u015b\u0107 mo\u017ce \u015bwiadczy\u0107 o stabilno\u015bci i profesjonalizmie. Znajd\u017a opinie i referencje od innych klient\u00f3w, aby oceni\u0107 reputacj\u0119 firmy. Upewnij si\u0119, \u017ce firma spedycyjna oferuje us\u0142ugi w obszarach, kt\u00f3re s\u0105 dla Ciebie istotne. Niekt\u00f3re firmy mog\u0105 by\u0107 specjalizowane w mi\u0119dzynarodowych przewozach, podczas gdy inne skupiaj\u0105 si\u0119 na przewozach krajowych. Zweryfikuj, czy firma oferuje pe\u0142en zakres us\u0142ug spedycyjnych, kt\u00f3re Ci\u0119 interesuj\u0105. Wa\u017cne jest r\u00f3wnie\u017c sprawdzenie, czy firma \u015bwiadczy us\u0142ugi dodatkowe, takie jak ubezpieczenie \u0142adunku.<\/p>\t\t\t\t\t\t<\/div>\n\t\t\t\t<\/div>\n\t\t\t\t<\/div>\n\t\t\t\t\t<\/details>\n\t\t\t\t\t\t<details id=\"e-n-accordion-item-2092\" class=\"e-n-accordion-item\" >\n\t\t\t\t<summary class=\"e-n-accordion-item-title\" data-accordion-index=\"3\" tabindex=\"-1\" aria-expanded=\"false\" aria-controls=\"e-n-accordion-item-2092\" >\n\t\t\t\t\t<span class='e-n-accordion-item-title-header'><div class=\"e-n-accordion-item-title-text\"> Bezpiecze\u0144stwo i technologie \u2013 na to zwr\u00f3\u0107 uwag\u0119 <\/div><\/span>\n\t\t\t\t\t\t\t<span class='e-n-accordion-item-title-icon'>\n\t\t\t<span class='e-opened' ><i aria-hidden=\"true\" class=\"fas fa-arrow-alt-circle-up\"><\/i><\/span>\n\t\t\t<span class='e-closed'><i aria-hidden=\"true\" class=\"fas fa-arrow-alt-circle-down\"><\/i><\/span>\n\t\t<\/span>\n\n\t\t\t\t\t\t<\/summary>\n\t\t\t\t<div role=\"region\" aria-labelledby=\"e-n-accordion-item-2092\" class=\"elementor-element elementor-element-72b8e5c e-con-full e-flex e-con e-child\" data-id=\"72b8e5c\" data-element_type=\"container\">\n\t\t\t\t<div class=\"elementor-element elementor-element-e4e30be elementor-widget elementor-widget-text-editor\" data-id=\"e4e30be\" data-element_type=\"widget\" data-widget_type=\"text-editor.default\">\n\t\t\t\t<div class=\"elementor-widget-container\">\n\t\t\t\t\t\t\t<p>Zapytaj o procedury i \u015brodki bezpiecze\u0144stwa, jakie firma stosuje w celu ochrony \u0142adunku. To kluczowe zw\u0142aszcza w przypadku przewoz\u00f3w warto\u015bciowych czy delikatnych towar\u00f3w. Upewnij si\u0119, \u017ce firma posiada wszystkie niezb\u0119dne certyfikaty i licencje, kt\u00f3re potwierdzaj\u0105 zgodno\u015b\u0107 z przepisami i standardami bran\u017cowymi. Por\u00f3wnaj koszty us\u0142ug r\u00f3\u017cnych firm spedycyjnych, jednak nie wybieraj tylko na podstawie ceny. Zwr\u00f3\u0107 uwag\u0119 na og\u00f3lne warunki umowy, w tym polisy ubezpieczeniowe, terminy p\u0142atno\u015bci i ewentualne dodatkowe op\u0142aty.<\/p>\t\t\t\t\t\t<\/div>\n\t\t\t\t<\/div>\n\t\t\t\t<\/div>\n\t\t\t\t\t<\/details>\n\t\t\t\t\t<\/div>\n\t\t\t\t<\/div>\n\t\t\t\t<\/div>\n\t\t\t\t<\/div>\n\t\t<div class=\"elementor-element elementor-element-7741b0e e-con-full e-flex e-con e-child\" data-id=\"7741b0e\" data-element_type=\"container\">\n\t\t\t\t<div class=\"elementor-element elementor-element-e395d9a elementor-button-align-stretch elementor-widget elementor-widget-form\" data-id=\"e395d9a\" data-element_type=\"widget\" data-settings=\"{&quot;button_width&quot;:&quot;50&quot;,&quot;step_next_label&quot;:&quot;Nast\\u0119pny&quot;,&quot;step_previous_label&quot;:&quot;Poprzedni&quot;,&quot;step_type&quot;:&quot;number_text&quot;,&quot;step_icon_shape&quot;:&quot;circle&quot;}\" data-widget_type=\"form.default\">\n\t\t\t\t<div class=\"elementor-widget-container\">\n\t\t\t\t\t<form class=\"elementor-form\" method=\"post\" name=\"Nowy formularz\">\n\t\t\t<input type=\"hidden\" name=\"post_id\" value=\"410\"\/>\n\t\t\t<input type=\"hidden\" name=\"form_id\" value=\"e395d9a\"\/>\n\t\t\t<input type=\"hidden\" name=\"referer_title\" value=\"\" \/>\n\n\t\t\t\n\t\t\t<div class=\"elementor-form-fields-wrapper elementor-labels-above\">\n\t\t\t\t\t\t\t\t<div class=\"elementor-field-type-text elementor-field-group elementor-column elementor-field-group-field_0f4295f elementor-col-100\">\n\t\t\t\t\t\t\t\t\t\t\t\t<label for=\"form-field-field_0f4295f\" class=\"elementor-field-label\">\n\t\t\t\t\t\t\t\tImi\u0119 i nazwisko\t\t\t\t\t\t\t<\/label>\n\t\t\t\t\t\t\t\t\t\t\t\t\t\t<input size=\"1\" type=\"text\" name=\"form_fields[field_0f4295f]\" id=\"form-field-field_0f4295f\" class=\"elementor-field elementor-size-md  elementor-field-textual\">\n\t\t\t\t\t\t\t\t\t\t\t<\/div>\n\t\t\t\t\t\t\t\t<div class=\"elementor-field-type-email elementor-field-group elementor-column elementor-field-group-email elementor-col-100 elementor-field-required\">\n\t\t\t\t\t\t\t\t\t\t\t\t<label for=\"form-field-email\" class=\"elementor-field-label\">\n\t\t\t\t\t\t\t\tE-mail\t\t\t\t\t\t\t<\/label>\n\t\t\t\t\t\t\t\t\t\t\t\t\t\t<input size=\"1\" type=\"email\" name=\"form_fields[email]\" id=\"form-field-email\" class=\"elementor-field elementor-size-md  elementor-field-textual\" required=\"required\" aria-required=\"true\">\n\t\t\t\t\t\t\t\t\t\t\t<\/div>\n\t\t\t\t\t\t\t\t<div class=\"elementor-field-type-textarea elementor-field-group elementor-column elementor-field-group-message elementor-col-100\">\n\t\t\t\t\t\t\t\t\t\t\t\t<label for=\"form-field-message\" class=\"elementor-field-label\">\n\t\t\t\t\t\t\t\tWiadomo\u015b\u0107\t\t\t\t\t\t\t<\/label>\n\t\t\t\t\t\t<textarea class=\"elementor-field-textual elementor-field  elementor-size-md\" name=\"form_fields[message]\" id=\"form-field-message\" rows=\"4\"><\/textarea>\t\t\t\t<\/div>\n\t\t\t\t\t\t\t\t<div class=\"elementor-field-type-acceptance elementor-field-group elementor-column elementor-field-group-field_93590ab elementor-col-100\">\n\t\t\t\t\t\t\t<div class=\"elementor-field-subgroup\">\n\t\t\t<span class=\"elementor-field-option\">\n\t\t\t\t<input type=\"checkbox\" name=\"form_fields[field_93590ab]\" id=\"form-field-field_93590ab\" class=\"elementor-field elementor-size-md  elementor-acceptance-field\">\n\t\t\t\t<label for=\"form-field-field_93590ab\">Zapozna\u0142em si\u0119 z Polityk\u0105 prywatno\u015bci serwisu www.colli-international.pl oraz wyra\u017cam zgod\u0119 na przetwarzanie przez COLLI INTERNATIONAL Sp. z o.o., ul. Zacisze 18a, 43-243 Wis\u0142a Wielka, udost\u0119pnionych przeze mnie danych osobowych na zasadach opisanych w Polityce prywatno\u015bci dost\u0119pnej w Serwisie. O\u015bwiadczam, \u017ce s\u0105 mi znane cele przetwarzania danych oraz moje uprawnienia. Niniejsza zgoda mo\u017ce by\u0107 wycofana w dowolnym czasie poprzez kontakt z Administratorem pod adresem zgatniejewska@az-transport.pl, bez wp\u0142ywu na zgodno\u015b\u0107 z prawem przetwarzania, kt\u00f3rego dokonano na podstawie zgody przed jej cofni\u0119ciem.\n Wi\u0119cej informacji dotycz\u0105cych przetwarzania danych osobowych <\/label>\t\t\t<\/span>\n\t\t<\/div>\n\t\t\t\t\t\t<\/div>\n\t\t\t\t\t\t\t\t<div class=\"elementor-field-group elementor-column elementor-field-type-submit elementor-col-50 e-form__buttons\">\n\t\t\t\t\t<button class=\"elementor-button elementor-size-md\" type=\"submit\">\n\t\t\t\t\t\t<span class=\"elementor-button-content-wrapper\">\n\t\t\t\t\t\t\t\t\t\t\t\t\t\t\t\t\t\t\t\t\t\t<span class=\"elementor-button-text\">Wy\u015blij<\/span>\n\t\t\t\t\t\t\t\t\t\t\t\t\t<\/span>\n\t\t\t\t\t<\/button>\n\t\t\t\t<\/div>\n\t\t\t<\/div>\n\t\t<\/form>\n\t\t\t\t<\/div>\n\t\t\t\t<\/div>\n\t\t\t\t<\/div>\n\t\t\t\t\t<\/div>\n\t\t\t\t<\/div>\n\t\t\t\t<section class=\"elementor-section elementor-top-section elementor-element elementor-element-d761bc0 elementor-section-full_width elementor-section-height-default elementor-section-height-default\" data-id=\"d761bc0\" data-element_type=\"section\">\n\t\t\t\t\t\t<div class=\"elementor-container elementor-column-gap-no\">\n\t\t\t\t\t<div class=\"elementor-column elementor-col-100 elementor-top-column elementor-element elementor-element-731bd67\" data-id=\"731bd67\" data-element_type=\"column\">\n\t\t\t<div class=\"elementor-widget-wrap elementor-element-populated\">\n\t\t\t\t\t\t<div class=\"elementor-element elementor-element-640eb18 elementor-widget elementor-widget-google_maps\" data-id=\"640eb18\" data-element_type=\"widget\" data-widget_type=\"google_maps.default\">\n\t\t\t\t<div class=\"elementor-widget-container\">\n\t\t\t\t\t<div class=\"elementor-custom-embed\">\n\t\t\t<iframe loading=\"lazy\"\n\t\t\t\t\tsrc=\"https:\/\/maps.google.com\/maps?q=Colli%20International%20Sp%20z%20o.o.&#038;t=m&#038;z=12&#038;output=embed&#038;iwloc=near\"\n\t\t\t\t\ttitle=\"Colli International Sp z o.o.\"\n\t\t\t\t\taria-label=\"Colli International Sp z o.o.\"\n\t\t\t><\/iframe>\n\t\t<\/div>\n\t\t\t\t<\/div>\n\t\t\t\t<\/div>\n\t\t\t\t\t<\/div>\n\t\t<\/div>\n\t\t\t\t\t<\/div>\n\t\t<\/section>\n\t\t\t\t<\/div>\n\t\t","protected":false},"excerpt":{"rendered":"<p>Adres siedziby: Colli International Sp. z o.o. ul. Zacisze 18a 43-243 Wis\u0142a Wielka POLSKA NIP: 6381753046\u00a0 &#8211; REGON: 241071921 Adres korespondencyjny: Colli International Sp. z o.o. ul. Krucza 10a43-520 MnichPOLSKA \u00a0Tomasz Wala:\u00a0 +48 790 889 906\u00a0 tomasz.wala@colli.pl Anita Drapiewska:+48 790 889 907anita.drapiewska@colli.pl Maryla Szmalc-P\u0142onka:+48 573 671 287maryla.plonka@colli.pl Daniel Drapiewski:+48 791 488 990daniel.drapiewski@colli.pl Ilona G\u0142ombek: +48\u00a0606\u00a0168\u00a0816 [&hellip;]<\/p>\n","protected":false},"author":1,"featured_media":0,"parent":0,"menu_order":0,"comment_status":"closed","ping_status":"closed","template":"","meta":{"footnotes":""},"class_list":["post-410","page","type-page","status-publish","hentry"],"_links":{"self":[{"href":"https:\/\/web16.wuti.pl\/colli\/wp-json\/wp\/v2\/pages\/410","targetHints":{"allow":["GET"]}}],"collection":[{"href":"https:\/\/web16.wuti.pl\/colli\/wp-json\/wp\/v2\/pages"}],"about":[{"href":"https:\/\/web16.wuti.pl\/colli\/wp-json\/wp\/v2\/types\/page"}],"author":[{"embeddable":true,"href":"https:\/\/web16.wuti.pl\/colli\/wp-json\/wp\/v2\/users\/1"}],"replies":[{"embeddable":true,"href":"https:\/\/web16.wuti.pl\/colli\/wp-json\/wp\/v2\/comments?post=410"}],"version-history":[{"count":79,"href":"https:\/\/web16.wuti.pl\/colli\/wp-json\/wp\/v2\/pages\/410\/revisions"}],"predecessor-version":[{"id":665,"href":"https:\/\/web16.wuti.pl\/colli\/wp-json\/wp\/v2\/pages\/410\/revisions\/665"}],"wp:attachment":[{"href":"https:\/\/web16.wuti.pl\/colli\/wp-json\/wp\/v2\/media?parent=410"}],"curies":[{"name":"wp","href":"https:\/\/api.w.org\/{rel}","templated":true}]}}